he second derivative of -9*j**2 + 0 - 11/6*j**3 + 5*j. What is the tens digit of f(-6)?
4
What is the units digit of (-8)/(5 - 13)*163?
3
Let h(g) be the third derivative of -g**4/24 + 11*g**3/3 - 10*g**2. What is the tens digit of h(0)?
2
Let m = 107 - -160. What is the tens digit of m?
6
Let t(s) = -s**2 + 6*s + 115. What is the units digit of t(12)?
3
Suppose -1203 = -8*a + 1029. What is the hundreds digit of a?
2
Let s = 336 + -163. What is the tens digit of s?
7
Let o(l) = l**3 - l**2 + 2*l - 3. Suppose 0 = -2*n - 3*n + 40. Suppose 4*b = -0*b + n. What is the units digit of o(b)?
5
Suppose 208 = 6*u - 2*u. Suppose 4*o + u = -2*r, -4*o = 5*r - o + 137. Let z = -10 - r. What is the tens digit of z?
1
Let n(p) = -p**3 + 23*p**2 + 20*p + 15. What is the units digit of n(21)?
7
Let n be (-267)/(-15) - (-3)/15. Let o = 58 + n. What is the tens digit of o?
7
Let n = -20 - -24. Suppose 8*v = n*v + 48. Let o = v + 0. What is the units digit of o?
2
Let s(o) = 2*o**2 + 2*o + 3. Let x(n) = n**2 - 2*n. Let j be x(2). Suppose j = -v - 4. What is the tens digit of s(v)?
2
Let p(k) = -240*k - 10. Let g be p(-2). Suppose -4*u = -g - 326. What is the units digit of u?
9
Let y = 10 - 11. Let n = y + -11. What is the tens digit of ((-15)/n)/(-5)*-44?
1
What is the thousands digit of (6/(-10))/(4/40) + 2996?
2
Suppose -4*u + 13 = -3*x, x - 3*u + 5*u + 1 = 0. Let k(y) = 4*y**2 - 6*y - 5. What is the units digit of k(x)?
9
Suppose 0 = -4*g + 4*b + 15696, 101*b + 15704 = 4*g + 105*b. What is the units digit of g?
5
Let w be (6/(-10))/(2/(-310)). Let p = 15 + w. Let x = p - 55. What is the tens digit of x?
5
Suppose 6*j - 16 = 8. Suppose -4*q - 2*t + 467 = -5*t, j*q - 5*t = 469. What is the units digit of q?
6
Let u = 564 - -2141. What is the thousands digit of u?
2
Let r = 24 - -10. Let i(f) = 8*f + r - 3*f - 30. What is the units digit of i(4)?
4
Suppose 4*x = -3*b + 5872, 4*b = 157*x - 159*x + 7826. What is the thousands digit of b?
1
What is the hundreds digit of 94/(-611) + (-2290)/(-13)?
1
Let n(y) = -2 + y**3 - y**2 + 65*y - 67*y + 3*y**2. Let a be n(-2). Suppose a = w - 0. What is the units digit of w?
2
What is the tens digit of (-24843)/(-14) - (1 + 12/(-8))?
7
Let b(w) = -32*w**3 - 16*w**2 - 18*w - 41. What is the units digit of b(-3)?
3
What is the tens digit of 1282/8 + 40/(-32)?
5
Let s be 370 + (-9 - -6)/(-2 + 1). Suppose 1005 - s = 8*h. What is the tens digit of h?
7
Suppose -2933 - 27 = -8*k. Suppose 4*t + k = v + 1523, -4*t = 4*v - 1128. What is the tens digit of t?
8
What is the hundreds digit of (2/(-4))/((-1)/3112)?
5
Let c = 22 - 16. Suppose -r - c = r. What is the units digit of (r/9)/((-2)/54)?
9
Suppose -39*q + 36 = -30*q. Suppose 6*z - q*z = 2*w - 296, 4 = -4*z. What is the hundreds digit of w?
1
Let m = -1274 - -2652. What is the thousands digit of m?
1
Let v(l) = -15*l - 1. Let g be v(1). Let z = g + 31. Suppose 0*i - z = -3*i. What is the units digit of i?
5
Let c(z) = 7*z**3 - 2*z - 1. Let s be c(-1). Let i be (-30)/(-9)*s/(-4). Suppose i*f + 28 = x, x - f + 67 = 3*x. What is the tens digit of x?
3
Let d(y) = y**2 + 3*y - 215. Let g be d(0). Let f = 57 - g. What is the tens digit of f?
7
Suppose -5*f - 624 = -f. What is the units digit of 1 - f/(-1 + 5)?
0
Let f = -130 + 111. Suppose h + 38 = 2*h. Let a = f + h. What is the tens digit of a?
1
Suppose 0 = -v + o + 454, -1348 = -5*v + 4*o + 920. What is the hundreds digit of v?
4
Suppose k - 232 = -2*g, 2*g = 2*k - g - 478. What is the hundreds digit of k?
2
Suppose -629 - 457 = -2*o. What is the units digit of o?
3
Let r(h) = -h**3 + 34*h**2 - 52*h + 51. What is the hundreds digit of r(32)?
4
What is the thousands digit of (3 - -1405)*(0 - (-1 - 0))?
1
Suppose -x + 8 - 4 = 0. Suppose 0 = -4*g - 12, -5*u - x*g - 23 + 211 = 0. What is the units digit of u?
0
Let g = 153 - 35. Suppose 0 = 2*p - g + 30. What is the units digit of p?
4
Let b(x) = -x**2 + 3*x + 1. Let i be b(-6). What is the tens digit of i/(-3 + 1 + 1)?
5
Let y = -106 + 146. What is the units digit of y?
0
Let w(z) = z + 155*z**2 - 2 + 50*z**2 - 34*z**2. What is the units digit of w(1)?
0
Let i(d) = -36*d + 2. Let c be i(2). What is the tens digit of -5*1*c/25?
1
Let m be (-44)/(-5)*(-5)/(-2). Suppose p - m = y + 4*y, -4*p - y = -67. Suppose -3*h - p + 143 = 0. What is the tens digit of h?
4
Let r(k) = 25*k**2 - 29*k - 99. What is the units digit of r(-4)?
7
Let p be ((-6)/15*-5)/(-4)*-108. Suppose -3*x + 2*j - 43 = -205, 5*j + p = x. What is the tens digit of x?
5
Suppose -5*d + 19 = 4. Suppose 276 = 2*n + 5*i - 4*i, 417 = d*n + 3*i. What is the tens digit of n?
3
Let v be 11/((-77)/(-56)) + 184. Let k(u) = -u + 4. Let h be k(4). Suppose -4*t + v - 52 = h. What is the units digit of t?
5
Let c be 20/4 + 2 + 0 + -5. Suppose -3*r = -4*a - 559, -5*r - 611 = c*a - 1560. What is the tens digit of r?
8
Let v = 64 + 19. What is the tens digit of (15 - 14)*(v - 0)?
8
What is the tens digit of (-27)/18*(-10)/(-3) - -347?
4
Let j = -459 - -503. What is the units digit of j?
4
Let s(k) = 26*k**2 + k - 1. Let j be s(1). Suppose j = -2*c - 0*c. Let l = 2 - c. What is the units digit of l?
5
Suppose -2*n = -d + 4, -4*n = -3*d - 0*n + 4. What is the units digit of (-186)/d + (-18)/12?
5
Let s(f) = -2*f**2 + 141. Let w(x) = x**3 - 13*x**2 - 16*x + 28. Let t be w(14). What is the tens digit of s(t)?
4
Let s(d) = 2*d**3 - 2*d**2 + 1. Let m be s(2). Let o = 90 - 35. Suppose o = -4*u + m*u. What is the units digit of u?
1
Let k = -13 + -1. Let p be 12/(-42) + 136/k. Let g = 36 - p. What is the tens digit of g?
4
Let l be 45 - (-5 + -1 + 1). Suppose 0 = -l*d + 46*d + 292. What is the tens digit of d?
7
Suppose 11*n - 3*l - 10612 = 6*n, 2*l = -4*n + 8472. What is the hundreds digit of n?
1
Let b = -96 + 2236. What is the thousands digit of b?
2
Let v = 8931 + -4877. What is the units digit of v?
4
Let t(d) = d**2 - 8*d + 5. Let c be t(8). Suppose -4*j = -2*r - 134, -c*j - 2*r = -0*j - 163. What is the units digit of j?
3
Let s = -5 - -13. Suppose -s*l + 3*l - 5*x = -115, -2 = 2*x. Suppose 0 = -3*b + 6*b - l. What is the units digit of b?
8
What is the units digit of 714 - ((-28)/(-7) + -10)?
0
Suppose 29*d - 1296 = 21*d. What is the units digit of d?
2
Let b be ((-3)/(6/(-514)))/1. Suppose -3*t - 2*z + 380 = -b, 3*z + 416 = 2*t. What is the hundreds digit of t?
2
Suppose 0*o + 5*o + 5 = d, -d = 3*o - 21. Let k = -12 + d. Suppose 3*r - 9 = -3*c - k, 3*r + 6 = 0. What is the units digit of c?
4
Suppose -86*n + 211812 = -29*n. What is the hundreds digit of n?
7
Suppose -11*x - 159 = 435. Let c = x - -101. What is the tens digit of c?
4
Suppose l = 2*t + 4*l - 6859, -13733 = -4*t - 3*l. What is the tens digit of t?
3
Suppose 4*w = 4*m - 28, m + 9 = -0*m + 5*w. Let t = -7 + m. Suppose 0 = 3*k - b - 76, 4*k + k - 155 = -t*b. What is the units digit of k?
7
Let d(x) = x**3 + 14*x**2 + 12*x - 9. Let u be d(-13). Let z = 0 + u. Suppose z*k + 38 = 274. What is the tens digit of k?
5
What is the hundreds digit of 8 + 2041 + 40/(-10)?
0
Suppose 11*k - 20*k + 1476 = 0. Let u = k - 143. What is the tens digit of u?
2
Suppose 0 = 2*b + w - 28, 5*b + w = 69 - 5. Suppose 3*h = -5*i + 16, -4*i + b = 4*h - 2*h. Suppose -i*s = -s - 10. What is the tens digit of s?
1
Let l(w) = 4*w**2 - 5*w - 23. What is the units digit of l(6)?
1
Suppose -8349 = -3*r - 4*f, f = 22*r - 17*r - 13915. What is the thousands digit of r?
2
Let k = 17 - -216. Suppose -7*j + k = -929. What is the units digit of j?
6
Let s(a) = 5*a**3 - 2*a**2 + 10*a - 2. What is the units digit of s(4)?
6
Let t = -157 + 627. What is the hundreds digit of t?
4
Let h = -254 - -440. What is the hundreds digit of h?
1
Suppose 5*i - 110 = -g, 0*g + 3*g + 6 = i. Let m be (-18)/(-4)*28/i. What is the tens digit of ((-63)/m)/(9/(-12))?
1
Let j(w) be the third derivative of w**5/10 + 7*w**4/24 - 4*w**3/3 + 5*w**2. What is the units digit of j(3)?
7
Let r(z) be the first derivative of 3*z**2 - 2*z + 6. Let q be r(2). Let w = 12 - q. What is the units digit of w?
2
Let z = 2241 + -2237. Let a(b) = b**2 - 3*b + 7. Let u be a(5). Suppose -3*f + z = -u. What is the units digit of f?
7
Suppose 35*x = -x + 4320. What is the tens digit of x?
2
Let v(u) = -u**2 - 3*u. Let r be v(-3). Let y be 1*(0 - (r - 3)). Suppos